{"id":34,"date":"2014-07-29T18:46:02","date_gmt":"2014-07-29T16:46:02","guid":{"rendered":"http:\/\/www.romyeder.com\/wordpress\/?page_id=34"},"modified":"2020-04-29T15:20:59","modified_gmt":"2020-04-29T13:20:59","slug":"biographie-2","status":"publish","type":"page","link":"http:\/\/www.romyeder.com\/?page_id=34","title":{"rendered":"Biographie"},"content":{"rendered":"<h2><a href=\"http:\/\/www.romyeder.com\/wp-content\/uploads\/2014\/07\/romy_eder-e1415387487186.jpg\"><img loading=\"lazy\" class=\"alignleft wp-image-5 size-full\" src=\"http:\/\/www.romyeder.com\/wp-content\/uploads\/2014\/07\/romy_eder-e1415387487186.jpg\" alt=\"\" width=\"200\" height=\"198\" srcset=\"http:\/\/www.romyeder.com\/wp-content\/uploads\/2014\/07\/romy_eder-e1415387487186.jpg 200w, http:\/\/www.romyeder.com\/wp-content\/uploads\/2014\/07\/romy_eder-e1415387487186-150x148.jpg 150w, http:\/\/www.romyeder.com\/wp-content\/uploads\/2014\/07\/romy_eder-e1415387487186-151x150.jpg 151w\" sizes=\"(max-width: 200px) 100vw, 200px\" \/><\/a>Rosemarie Romy Eder<\/h2>\n<p>1957 am 18. Juni in Wien geboren<br \/>\nlebt und arbeitet als freischaffende K\u00fcnstlerin mit Mann und Katze im Bezirk Baden, Nieder\u00f6sterreich.<\/p>\n<h2><\/h2>\n<h2><\/h2>\n<h2><\/h2>\n<h2 id=\"mainhd\">K\u00fcnstlerischer Werdegang<\/h2>\n<p>1972-75\u00a0H\u00f6here Bundeslehr und Versuchsanstalt f\u00fcr Textilindustrie,<br \/>\nAbteilung Design, 1050 Wien, Spengergasse<\/p>\n<p>1979-82\u00a0Keramik und Bildhauerei, Wiener Kunstschule, 1090 Wien<\/p>\n<p>1988\u00a0R\u00fcckkehr zur Malerei<\/p>\n<p>1997\u00a0Heirat mit dem K\u00fcnstlerkollegen <a href=\"http:\/\/www.baszolich.com\/\">Mag.art. Herbert Chouli Baszolich<\/a><\/p>\n<p>1999\u00a0Freischaffende K\u00fcnstlerin<\/p>\n<p>2004\u00a0Mitglied der Kulturvernetzung Industrieviertel Nieder\u00f6sterreich<\/p>\n<p>2006 Gemeinsam mit Mag.art Baszolich eigene Kunstkalenderproduktion<\/p>\n<p>2014 Umzug von Wien nach Hirtenberg, Wienerwald, Bezirk Baden<\/p>\n<p>2018 Verleihung des Silbernen Ehrenzeichens f\u00fcr Verdienste um das Bundesland Nieder\u00f6sterreich<\/p>\n<h2 id=\"mainhd\">Technik<\/h2>\n<p>Malerei mit Aquarell und Acrylfarben; Blumen-, Gem\u00fcse und Obststilleben.<\/p>\n<h2 id=\"mainhd\">Ausstellungsauszug (der letzten Jahre)<\/h2>\n<p>Seit 1988 Ausstellungen und Beteiligungen im In und Ausland, u.a.:<\/p>\n<p>2017 Okt.- Dezember Sankt P\u00f6lten, Landhaus, Landhausgalerie Ausstellungsbr\u00fccke<\/p>\n<p>2013 September bis J\u00e4nner 2014\u00a0Gauermannmuseum in Miesenbach<\/p>\n<p>2010-2014\u00a0Dauerausstellung im Sachsengang in Gro\u00df Enzersdorf bei Wien<\/p>\n<p>2007 September\u00a0Ternitz Stadtgalerie im alten Herrenhaus (mit Mag.art Baszolich)<\/p>\n<p>2007 September\u00a0Wien XII Bezirksmuseum (mit Mag. art. Baszolich)<\/p>\n<p>2006 September bis November\u00a0Wiener Neustadt Stadtmuseum<\/p>\n<p>2005 November bis J\u00e4nner \u00b406\u00a0Landesgericht Wien, Schwarzenbergplatz 11<\/p>\n<p>2004 September\u00a0Galerie Stiergraben, Neunkirchen<\/p>\n<p>2004 Oktober\u00a0Galerie Untergrub, Untergrub<\/p>\n<p>2004 Oktober bis Novenber\u00a0St.Peter\/Sperr, N\u00f6, Wr. Neust\u00e4dter K\u00fcnstlervereinigung, &#8222;Pflanzlich&#8220;<\/p>\n<p>2002 September\u00a0Galerie im alten Herrenhaus, Ternitz<\/p>\n<p>2001 September\u00a0Grandhotel Panhans<\/p>\n<p>2000 M\u00e4rz-April\u00a0Schloss Gloggnitz<\/p>\n<p>2000 August\u00a0Karmeliterkirche Wr.Neustadt<\/p>\n<p>2000 Oktober\u00a0EU-L\u00e4nderverbindungsb\u00fcro mit Mag.art. Baszolich in Belgien, Br\u00fcssel<\/p>\n<p>Seit 2003 Beteiligung bei den Tagen der offenen Ateliers Nieder\u00f6sterreich.<\/p>\n<p>J\u00e4hrlich im Dezember Jahrespr\u00e4sentation im\u00a0 Atelier.<\/p>\n<p>Werke in \u00f6ffentlichen und privaten Sammlungen im In und Ausland,<br \/>\n( z.B. Australien, Deutschland, Liechtenstein, Kroatien, Schweiz, Vereinigte Emirate)<\/p>\n<h2><\/h2>\n<h2>Bemerkungen<\/h2>\n<p>&#8230; es sind durchgestaltete und arbeitsintensive Werke, Bilder mit hohem \u00e4sthetischem Gehalt,<br \/>\nbei denen der Detailreichtum nicht gescheut, sondern geradezu gesucht wird &#8230;<\/p>\n<p>&#8230; Ihre Werke zeigen oft ausgefallene Ausschnitte und Perspektiven, um das Dargestellte zu betonen.<br \/>\nDaher m\u00fcssen messbare Richtigkeit und Wahrheit nicht unbedingt zusammenfallen &#8230;<\/p>\n<address>Mag-art. Manfred Pfeiffer, Pr\u00e4sident der Wr. Neust\u00e4dter K\u00fcnstlervereinigung<\/address>\n","protected":false},"excerpt":{"rendered":"<p>Rosemarie Romy Eder 1957 am 18. Juni in Wien geboren lebt und arbeitet als freischaffende K\u00fcnstlerin mit Mann und Katze im Bezirk Baden, Nieder\u00f6sterreich. K\u00fcnstlerischer Werdegang 1972-75\u00a0H\u00f6here Bundeslehr und Versuchsanstalt f\u00fcr Textilindustrie, Abteilung Design, 1050 Wien, Spengergasse 1979-82\u00a0Keramik und Bildhauerei, Wiener Kunstschule, 1090 Wien 1988\u00a0R\u00fcckkehr zur Malerei 1997\u00a0Heirat mit dem \u2026<\/p>\n<p> <a class=\"continue-reading-link\" href=\"http:\/\/www.romyeder.com\/?page_id=34\">Continue reading<i class=\"icon-right-dir\"><\/i><\/a><\/p>\n","protected":false},"author":1,"featured_media":0,"parent":0,"menu_order":0,"comment_status":"closed","ping_status":"closed","template":"","meta":[],"_links":{"self":[{"href":"http:\/\/www.romyeder.com\/index.php?rest_route=\/wp\/v2\/pages\/34"}],"collection":[{"href":"http:\/\/www.romyeder.com\/index.php?rest_route=\/wp\/v2\/pages"}],"about":[{"href":"http:\/\/www.romyeder.com\/index.php?rest_route=\/wp\/v2\/types\/page"}],"author":[{"embeddable":true,"href":"http:\/\/www.romyeder.com\/index.php?rest_route=\/wp\/v2\/users\/1"}],"replies":[{"embeddable":true,"href":"http:\/\/www.romyeder.com\/index.php?rest_route=%2Fwp%2Fv2%2Fcomments&post=34"}],"version-history":[{"count":22,"href":"http:\/\/www.romyeder.com\/index.php?rest_route=\/wp\/v2\/pages\/34\/revisions"}],"predecessor-version":[{"id":669,"href":"http:\/\/www.romyeder.com\/index.php?rest_route=\/wp\/v2\/pages\/34\/revisions\/669"}],"wp:attachment":[{"href":"http:\/\/www.romyeder.com\/index.php?rest_route=%2Fwp%2Fv2%2Fmedia&parent=34"}],"curies":[{"name":"wp","href":"https:\/\/api.w.org\/{rel}","templated":true}]}}